{"version":"1.0","provider_name":"Buchholz Gruppe","provider_url":"https:\/\/buchholz-gruppe.eu\/fr\/","author_name":"lauterleute","author_url":"https:\/\/buchholz-gruppe.eu\/fr\/author\/lauterleute\/","title":"recyclage de fibres de verre - Buchholz Gruppe","type":"rich","width":600,"height":338,"html":"<blockquote class=\"wp-embedded-content\"><a href=\"https:\/\/buchholz-gruppe.eu\/fr\/recyclage-de-fibres-de-verre\/\">recyclage de fibres de verre<\/a><\/blockquote>\n<script type='text\/javascript'>\n<!--\/\/--><![CDATA[\/\/><!--\n\t\t\/*! This file is auto-generated *\/\n\t\t!function(d,l){\"use strict\";var e=!1,n=!1;if(l.querySelector)if(d.addEventListener)e=!0;if(d.wp=d.wp||{},!d.wp.receiveEmbedMessage)if(d.wp.receiveEmbedMessage=function(e){var t=e.data;if(t)if(t.secret||t.message||t.value)if(!\/[^a-zA-Z0-9]\/.test(t.secret)){for(var r,i,a,s=l.querySelectorAll('iframe[data-secret=\"'+t.secret+'\"]'),n=l.querySelectorAll('blockquote[data-secret=\"'+t.secret+'\"]'),o=new RegExp(\"^https?:$\",\"i\"),c=0;c<n.length;c++)n[c].style.display=\"none\";for(c=0;c<s.length;c++)if(r=s[c],e.source===r.contentWindow){if(r.removeAttribute(\"style\"),\"height\"===t.message){if(1e3<(a=parseInt(t.value,10)))a=1e3;else if(~~a<200)a=200;r.height=a}if(\"link\"===t.message)if(i=l.createElement(\"a\"),a=l.createElement(\"a\"),i.href=r.getAttribute(\"src\"),a.href=t.value,o.test(a.protocol))if(a.host===i.host)if(l.activeElement===r)d.top.location.href=t.value}}},e)d.addEventListener(\"message\",d.wp.receiveEmbedMessage,!1),l.addEventListener(\"DOMContentLoaded\",t,!1),d.addEventListener(\"load\",t,!1);function t(){if(!n){n=!0;for(var e,t,r=-1!==navigator.appVersion.indexOf(\"MSIE 10\"),i=!!navigator.userAgent.match(\/Trident.*rv:11\\.\/),a=l.querySelectorAll(\"iframe.wp-embedded-content\"),s=0;s<a.length;s++){if(!(e=a[s]).getAttribute(\"data-secret\"))t=Math.random().toString(36).substr(2,10),e.src+=\"#?secret=\"+t,e.setAttribute(\"data-secret\",t);if(r||i)(t=e.cloneNode(!0)).removeAttribute(\"security\"),e.parentNode.replaceChild(t,e)}}}}(window,document);\n\/\/--><!]]>\n<\/script><iframe sandbox=\"allow-scripts\" security=\"restricted\" src=\"https:\/\/buchholz-gruppe.eu\/fr\/recyclage-de-fibres-de-verre\/embed\/\" width=\"600\" height=\"338\" title=\"\u00ab\u00a0recyclage de fibres de verre\u00a0\u00bb &#8212; Buchholz Gruppe\" frameborder=\"0\" marginwidth=\"0\" marginheight=\"0\" scrolling=\"no\" class=\"wp-embedded-content\"><\/iframe>","description":"RECYCLAGE DE FIBRES DE VERRE Couteaux pour rotors et stators pour le recyclage de fibres de verre Broyage au plus haut niveau : nos couteaux de granulation pour fibres de verre Une exigence ma\u00eetris\u00e9e Les fibres de verre sont notamment utilis\u00e9es dans des domaines techniquement exigeants tels que les t\u00e9l\u00e9communications ou l\u2019industrie automobile. Apr\u00e8s avoir [&hellip;]","thumbnail_url":"https:\/\/buchholz-gruppe.eu\/wp-content\/uploads\/2021\/06\/shutterstock_1815928619-1024x683.jpg"}

RECYCLAGE DE FIBRES DE VERRE Couteaux pour rotors et stators pour le recyclage de fibres de verre Broyage au plus haut niveau : nos couteaux de granulation pour fibres de verre Une exigence maîtrisée Les fibres de verre sont notamment utilisées dans des domaines techniquement exigeants tels que les télécommunications ou l’industrie automobile. Après avoir [&hellip;]
